- (60/16 + y). Determine k(n).
3
Let v(m) = 2*m**2 + 13*m - 89. Let c be v(4). Let g(o) be the first derivative of o**2/2 + 6*o + 2. Determine g(c).
1
Let g be 4 + 3/6*-14 + 8. Let w(n) = 7*n - 13. Let o(h) = -9*h + 9. Let s(c) = c + 1. Let l(x) = -o(x) - 3*s(x). Let u(i) = 6*l(i) - 5*w(i). What is u(g)?
-2
Let n(o) = o + 2. Let j(c) = 4*c + 6. Let q(i) = -j(i) + 3*n(i). Let s(f) = -2*f + 11 - 11. Let w(h) = q(h) - s(h). What is w(5)?
5
Let h(r) = -r**2 - 3*r + 7. Let y be h(-5). Let n be -2 + (-5)/((-20)/236). Let f(w) = -54 - 2*w + 165 - n - 57. Give f(y).
3
Let v(l) be the second derivative of l**5/20 - l**4/3 - 11*l**3/6 + 15*l**2 - 17*l - 68. Determine v(4).
-14
Let g(p) be the second derivative of 0 + 0*p**2 - 7*p + 1/12*p**4 + 1/3*p**3. Let j = -142 + 140. What is g(j)?
0
Let x(i) = i**3 - 7*i**2 - i + 2. Suppose d = 2*y + 13, -y - y + 5*d = 17. Let a = y + 20. Let v be a/6*(-13 + 16). Give x(v).
-5
Let g(m) be the first derivative of -2*m**3/3 - 5*m**2/2 - 3*m + 79. Suppose 4*d = -5*r - 45, 0*r - 5 = r. Give g(d).
-28
Let d = 22359 + -22358. Let j(h) = -42*h**2 + 2*h - 2. What is j(d)?
-42
Let i(y) = -y**2 + 5 + 118*y + 126*y + 117*y - 363*y. Give i(2).
-3
Let r(f) = f**3 + 4*f**2 + 4*f + 5. Let m(a) = a**3 + 10*a**2 + 6*a - 29. Let b be m(-9). Let j be r(b). Let n(h) = h**2 - 8*h + 10. Give n(j).
-5
Let g(b) be the second derivative of -4*b**5/5 - b**4/12 + b + 664. What is g(1)?
-17
Suppose -12*y + 104 - 80 = 0. Let d(x) = x**2 + 2*x + 38 + 6*x**2 - x - 35 - y*x**3. What is d(4)?
-9
Let x be (-41 + 41)/(-3 - (-4 - -3)). Let p(b) = b - 22. Calculate p(x).
-22
Let m(a) be the second derivative of -a**5/20 + 19*a**4/12 + 9*a**2/2 - 2415*a. Determine m(19).
9
Let q = 9 - 9. Suppose q = k - 5*i + 21, 4*k + 4*i - 16 = 20. Let s(w) = -2454 + 38*w + 2451 - 42*w. Determine s(k).
-19
Let j be (-2)/(-3) + 138/(-18). Let u(x) = x**2 + 3*x - 20. Let t be u(j). Let f(i) = i**3 - 8*i**2 - 4. What is f(t)?
-4
Suppose -18*k = 13 - 9 - 22. Let c(h) = -h**2 + 2*h - 1. Give c(k).
0
Let j(h) = 3*h**3 - 3*h**2 - 4*h**2 - 4*h**3 + 7 - 5. Suppose 0 = -3*v + 7*v, 4*v - 5 = -z. Suppose -z*l + 4*l = -5*c - 8, 5*l + 38 = -c. Determine j(l).
2
Suppose 4*b - 3*b + 5*b = 0. Suppose 4*y + 57 - 57 = b. Let x(i) be the second derivative of -i**5/20 - i**4/12 + i**3/6 + i**2 + 2*i. What is x(y)?
2
Let a = -5919 + 5902. Let p(c) = c**3 + 15*c**2 - 36*c - 18. Give p(a).
16
Let x(z) = -14*z**2 + 3*z - 67. Let q(k) = -k**2 + k - 5. Let l(h) = -13*q(h) + x(h). Suppose 24 = -5*g - 11. Calculate l(g).
19
Let g(q) = -64*q + 6 - 80*q - 3 - 82*q + 244*q. Give g(-4).
-69
Let q(o) = -o**3 - 8*o**2 - 42*o - 131. Let v be q(-5). Let p(g) = -16*g + 51. Calculate p(v).
-13
Let p be 1/(-3) - 939/(-9). Let d = 98 - p. Let i(b) = b + 6. Determine i(d).
0
Let y be 143/3 + 10/(-15). Let s = -49 + y. Let f(j) = -9*j**2 - 13*j - 5. Let h(v) = 8*v**2 + 11*v + 4. Let p(q) = -4*f(q) - 5*h(q). Calculate p(s).
-10
Let c(u) = 26*u**3 - 2*u**2 - 2*u + 1. Suppose 48*g + 35 = -5*j + 53*g, -2*j + 4*g = 26. What is c(j)?
-25
Let c(k) be the second derivative of k**3/6 + 5*k**2 - 56*k + 26. What is c(10)?
20
Let s(b) = 392*b - 779*b + 392*b - 29. Let z(m) = -11*m + 63. Let o(n) = -13*s(n) - 6*z(n). What is o(-6)?
-7
Let y(c) = -c**3 - 2*c**2 - c + 1. Let n = -382 - -383. Let g(z) = 2*z**3 + 13*z**2 - z - 6. Let m(p) = n*g(p) + 3*y(p). Give m(6).
9
Suppose -4*j - 63 = -75. Let t(g) = -36*g**2 + 107*g**2 - 3*g - 32*g**2 - g - 3 - 35*g**2 + g**j. Give t(-5).
-8
Let i(o) be the third derivative of 13*o**4/12 + 16*o**3/3 + 3*o**2 - 30. Let a be i(-1). Let l(g) = -2*g + 3. What is l(a)?
-9
Suppose -52*n - 9*n + 122 = 0. Suppose 2*s + 2*s + 68 = 0. Let c(d) = 11*d - 1. Let f(y) = 33*y - 3. Let l(t) = s*c(t) + 6*f(t). Give l(n).
21
Let g = -103 - -105. Let i(t) = 276*t - 268*t + 5 + 4*t**2 - 3*t**g. Let q = -15 + 9. Give i(q).
-7
Let j be (1 - -2)*176/24. Let c(h) = h - 15. Let m be c(j). Let k(t) = 3*t - 25. Let y be k(m). Let x(i) = -i**2 - 5*i - 4. Calculate x(y).
0
Let j(y) = -6 - 4*y - 2*y + 3*y + y. Suppose -4*n - 4*d = 5 + 27, -5*d = 3*n + 24. Calculate j(n).
10
Let p(f) be the third derivative of 5 + 0*f - 1/2*f**3 + f**2 + 1/12*f**4. Give p(-1).
-5
Suppose 6 = 5*u - 25 + 1. Let x(f) = f**2 - 5*f - 1. Calculate x(u).
5
Let q(n) = 4*n - 13. Let y = -4526 + 4533. Calculate q(y).
15
Let b(y) = 11*y + 18. Let k be b(0). Suppose 10*d - 8 = k*d. Let g(v) = -11*v**2 + v. Give g(d).
-12
Let h(s) = -s**3 + 7*s**2 + 14*s + 22. Suppose 2*o + o - 27 = -5*t, 4*o = 5*t + 36. What is h(o)?
-14
Suppose 2*r = -5*j + 28, -5*r - 4*j = -2*r - 28. Suppose -3*q = t + t + 15, -3*t + 20 = -r*q. Let g(b) = 4*b + 7 - 9 - 5*b + 1. What is g(t)?
-1
Let b(s) = -8*s - 4. Suppose -38 - 39 = p - 76. Determine b(p).
4
Let w(s) be the second derivative of 1/20*s**5 + 3/2*s**2 + 1/12*s**4 + 1/6*s**3 + 4*s + 0. Let g be (60/5 - 3) + -9. Give w(g).
3
Let i be 488/61 - 5*1. Let n(t) = i - 24*t**2 + 14*t**2 + 5*t**2 - 3*t + 4*t**2. Give n(-7).
-25
Suppose 0 = 5*m - 5, 11*m = -x + 9*m + 5. Let d(i) = i**3 - 2*i**2 - i - 2. What is d(x)?
4
Let o(k) = k**3 - 4*k**2 + 3*k - 1. Let d be 3 + 8/(-6 + 4). Let s = -20 + d. Let i = s + 25. Calculate o(i).
11
Let v(o) be the first derivative of -3*o**4/2 - 2*o**3/3 - o + 331. Calculate v(-2).
39
Let w(q) = -7*q - 5*q - q - q - 6*q. Calculate w(1).
-20
Let x(p) = 3*p**2 - 3 - 3 + p**3 - 225*p + 233*p - 2 + 7*p**2. Let u = 23 + -14. Let o = u + -18. What is x(o)?
1
Suppose 0 = -3*x + 5*r - 58, -2*x + 3*r - 46 = -9. Let l(c) = c**3 + 11*c**2 - c - 12. Determine l(x).
-1
Let q(z) be the third derivative of z**4/24 - 7*z**3/6 + 1251*z**2. Calculate q(25).
18
Let f(g) = g**3 + 5*g**2 - 26*g - 20. Let n(q) = 258*q - 1040. Let s be n(4). What is f(s)?
-4
Let u(w) = -w**2 - 10*w - 19. Let f be -3*261/90 + (-3)/10. Give u(f).
-10
Let g be (-8 - -7)*(3 - -1)*(-3)/6. Let x(j) = 6*j**2 - 8*j - 10. What is x(g)?
-2
Suppose 3*o - 3 = -9. Suppose -10*t + a = -13*t + 5, -5*t + 15 = 5*a. Let d(y) = 0 + 1 - y**2 - 2*y + t. Give d(o).
2
Let k(a) be the second derivative of -1/3*a**3 + 0*a**2 - 1/6*a**4 + 65*a + 0. What is k(-2)?
-4
Suppose -55*i + 12 = -51*i. Suppose 0 = -3*g + g + 3*x - 24, -g - i*x = 3. Let t(m) = m + 1. Give t(g).
-8
Let m(d) = -d - 1. Suppose -8*u - 14 + 22 = 0. Let w be (u - -3) + (-112)/16. What is m(w)?
2
Suppose 7*s = 14 + 7. Suppose -11 = 3*i + 4*j, -s*i + 6*i - 14 = j. Let p(t) = t - 1. What is p(i)?
2
Let p = 361/744 + -6/31. Let y(c) be the third derivative of 0 + 0*c + 16*c**2 + p*c**4 + 0*c**3. What is y(-1)?
-7
Let y(v) be the second derivative of -v**5/20 - 5*v**4/12 - v**3/6 - 11*v**2/2 + 260*v. Determine y(-4).
-23
Let c(f) be the first derivative of -f**2/2 + 8*f + 14. Let o be c(4). Suppose 3*b + 2*b = -o*q + 13, 4*b + 26 = 2*q. Let d(n) = n - 10. What is d(q)?
-3
Let y(m) = -8*m**2 + 16*m - 147. Let o(z) = 4*z**2 - 9*z + 80. Let p(w) = 11*o(w) + 6*y(w). Suppose 0*l + 4*l + 4 = 0. Calculate p(l).
-3
Let a(x) = -x**3 + 4*x + 1. Let p(t) = t**3 - 10*t**2 + 18*t - 84. Let r be p(9). Let h be 11 + -8 + r + (-6)/(-2). Calculate a(h).
-14
Let u be ((-2)/(-4))/(152/16 + -10). Let p(d) = 13*d - 2. Let y(l) = -13*l + 3. Let w(r) = 5*p(r) + 4*y(r). Give w(u).
-11
Let y(h) = h - 15. Let i(s) = 3*s - 34. Let v(a) = -6*a + 93. Let r be v(15). Let n(m) = r*i(m) - 7*y(m). What is n(7)?
17
Let z(w) = -4*w + 1 + 0*w**2 - 2*w**2 + 5*w**2. Suppose -11*g + 13 = -97. Let i be (12/g - 0)*80/32. What is z(i)?
16
Let a(o) = 5*o. Let w(q) = -4*q - 2. Let s(b) = 2*a(b) + 3*w(b). Suppose 74 = 12*x - 10*x. Suppose -3 = 2*c + c - 3*f, -x = 5*c + 3*f. Determine s(c).
4
Let u(f) = -3*f - 6. Let j be u(-4). Let k(v) = 3*v**2 - 4*v - 8. Let i(o) = -13*o**2 + 18*o + 33. Let p(r) = -4*i(r) - 17*k(r). What is p(j)?
16
Let y(j) = -142*j - 2. Let q be y(-2). Let p = -284 + q. Let r(o) = 5*o + 1. Calculate r(p).
-9
Let z(u) = u**2 + 60*u + 784. Let k be z(-19). Let h(i) = 19*i - 95. What is h(k)?
0
Let n(i) = i + 167542 - 167541 - 3*i. Suppose -2*x + 14 = -4*g, -5*x + 0*g + 25 = -5*g. Suppose -x*w - 8 = 1. Give n(w).
7
Let o be -7*-1*8/28 + 14. Let x(d) = -d**3 + 17*d**2 - 13*d - 63. Let b be x(o). Let z(s) = -s**2 - 16*s - 19. Determine z(b).
-4
Suppose 0 = -247*u + 574 + 167. Let s(x) be the second derivative of -1/